 divisor of 117 and r?
9
Suppose -72 = -d - d. Suppose 3*h + 8 - 2 = 0. Let x be (h/(-5))/(2/450). Calculate the highest common factor of x and d.
18
Let a = -1270 + 1919. What is the highest common divisor of 118 and a?
59
Suppose -2*b = -b - 10. Let r(y) = -y + 17. Let i be r(b). Suppose -3*g - 56 = -i*g. Calculate the highest common divisor of g and 14.
14
Let i = 171 - 169. Let l be i/3*((-301)/(-14) + -5). What is the highest common factor of 121 and l?
11
Suppose -s = -c + 43, -170 = c - 4*s - 204. What is the highest common factor of 3266 and c?
46
Suppose 0 = -5*h - 69 + 559. Suppose 5*f - 92 - h = 0. Suppose -4*t = 43 - 423. Calculate the highest common divisor of f and t.
19
Let j be 65/(-52) + (-10754)/(-8). Calculate the greatest common divisor of j and 79.
79
Let t(c) = -c**3 + 9*c**2 - 10*c + 12. Let h be t(8). Let p(q) = q**3 + 5*q**2 - 4*q - 10. Let g be p(h). What is the greatest common divisor of g and 176?
22
Let h(f) = f**2 + 6*f + 2. Let j be h(-6). Let d be ((j*-1)/(-2))/((-15)/(-3960)). Calculate the highest common divisor of d and 24.
24
Let u(z) = -58*z + 754. Let f be u(-14). What is the greatest common divisor of 9 and f?
9
Let g = 445 + -441. What is the highest common divisor of g and 19?
1
Suppose 5*o - 49 = 2*o - 4*x, -3*o - 3*x = -51. Let i = o - -21. Calculate the highest common factor of 20 and i.
20
Let v(h) = 20*h**3 + 0 - 6*h**2 + 2*h + 1 - 19*h**3. Let u be v(6). Suppose 108 + 48 = 3*n. What is the highest common factor of n and u?
13
Let u = 11 + 14. Let k = -4287 - -4412. What is the highest common divisor of u and k?
25
Suppose 3*n = -4*m - 3 + 35, -16 = -4*m + n. Let a = -6 - -12. Suppose m*w - a*w = -28. What is the greatest common factor of w and 42?
14
Suppose 778 = 24*p - 854. Calculate the greatest common divisor of p and 68.
68
Let j be -1*42*4/6. Let k = 19 + j. Let r be (-448)/12*k/6. Calculate the greatest common divisor of r and 7.
7
Suppose 20*f - 573 = 3907. Calculate the highest common factor of f and 96.
32
Let j(h) = h**2 - 10*h + 10. Let z be j(9). Suppose -2*x + 1 = 5*a, -2*a - 11 = 3*x - 6*x. What is the greatest common divisor of x and z?
1
Let v(q) = -3 + 5 - 5 + 4. Let h(s) = -37*s - 1. Let d(r) = -h(r) - 2*v(r). Let x be d(1). What is the greatest common factor of x and 12?
12
Let x(l) = -l**2 + 42*l + 98. Let q be x(44). What is the greatest common factor of q and 1760?
10
Let c be 2022/63 + (-44)/462. Calculate the greatest common factor of c and 2336.
32
Suppose -41*y = -25*y - 1632. Calculate the greatest common factor of 18 and y.
6
Let x(r) be the second derivative of -5*r**3 - 6*r**2 + 13*r. Let y be x(-7). What is the greatest common divisor of 22 and y?
22
Suppose 2 + 14 = y. Let n(l) = -4*l - 4. Let z be n(-3). Let v = y - z. Calculate the highest common factor of 32 and v.
8
Let i be ((-8)/(-12))/((-4)/(-774)). Suppose -i = v - 4*v - 5*r, -4*v + r = -195. What is the highest common divisor of v and 12?
12
Suppose 90 = 2*i - d + 2*d, 3*d = 2*i - 74. Let w = -7255 + 7642. Calculate the highest common factor of i and w.
43
Suppose 0 = -5*l, 21 = 5*y - 4*y + 2*l. What is the greatest common factor of 1491 and y?
21
Suppose -5*b + 703 = -422. Let d = b + -148. Let t be ((-16)/24)/(4/(-66)). Calculate the greatest common factor of d and t.
11
Let k = -130 - -114. Let s be 1 - -31 - (-32)/k. Calculate the highest common factor of 6 and s.
6
Suppose -4*p + 3*c = -1713, p + 0*p + 4*c = 452. Suppose 2*d = -10*d + p. Calculate the greatest common divisor of d and 288.
36
Suppose 4*b + 31 = -2*u + 403, -3*b + 5*u = -266. Calculate the greatest common divisor of 759 and b.
23
Let q(d) = 13*d - 18. Let b be q(2). Suppose 0 = b*o - 3*o + 2*h - 319, 2*h = 4. Calculate the greatest common divisor of o and 9.
9
Let m(v) = 6*v**3 + 3*v**2 - v - 5. Let d be m(-3). Let a = d - -145. Suppose -43 + 11 = -2*p. What is the highest common factor of a and p?
8
Let d be 159/(-106)*748/(-6). Calculate the highest common divisor of 17 and d.
17
Let v = -6 - -14. Let m be (-21 - -19) + 12/2. Suppose 59 + 5 = m*f. Calculate the highest common divisor of v and f.
8
Suppose -y - 27*t + 28 = -25*t, 5*t = 2*y - 38. What is the highest common factor of 228 and y?
12
Let q(k) = -24*k - 46. Suppose -4*f + l = -12 + 65, 0 = 4*f + 2*l + 50. Let n be q(f). What is the highest common divisor of n and 38?
38
Let i be 4/(3*5/180). Calculate the greatest common factor of i and 112.
16
Suppose -5*l + 225 = -3*z, l + 0*l = -2*z + 58. Let i = -20 + l. Calculate the greatest common divisor of i and 42.
14
Suppose 0*s + 5*s = 0. Suppose -o + s = -1. Let v be (o - (-4 - -3)) + 7. Calculate the highest common divisor of v and 27.
9
Suppose 3*s + 4*i - 34 = 0, -s - 2*i + 0*i = -8. Let p(u) = u**2 - 23*u - 10. Let v be p(26). Let b = -62 + v. What is the greatest common factor of b and s?
6
Suppose 3*q - 5*g - 344 - 258 = 0, -4*q = 2*g - 768. Let x be (-7)/(-14) - 1*q/(-4). What is the highest common factor of 245 and x?
49
Suppose n = -0*w + 5*w - 7, -3*n - 69 = -3*w. Let h = -41 - n. Let c be (h/(-3))/(2/51). Calculate the highest common factor of 17 and c.
17
Let g be (-4)/(-6) + (-49)/(-3). Let z be 4 - 387/(-6) - 2/4. Calculate the highest common factor of g and z.
17
Suppose -3*w = -3*n - 15, -3*n + 1 = 5*w - 0. Suppose 0 = -w*q + 39 - 13. Calculate the greatest common divisor of q and 117.
13
Suppose 13 - 127 = -3*g. What is the greatest common divisor of 209 and g?
19
Let u = 47 + 20. Let m = 139 - u. What is the highest common divisor of 9 and m?
9
Suppose 3*r - 2*r = -j + 3, 0 = 5*j + r - 11. Suppose -j*m + f + 26 = 0, -5*m + 6*f + 70 = f. Calculate the greatest common factor of 108 and m.
12
Let p = -86 - -233. What is the highest common divisor of 7 and p?
7
Let p be (2 + 0)*(-90)/20. Let s be 405/(-6)*12/p. Suppose -2*m = 3*h - 17, m = 3*m + 5*h - 15. What is the greatest common factor of s and m?
10
Let g(y) = 6*y**2 + 6*y + 4. Let b be g(6). Calculate the highest common divisor of 32 and b.
32
Let r be (-68)/(-3) - ((-175)/21 + 8). Suppose 20*a + 39 = r*a. What is the highest common factor of 39 and a?
13
Suppose 0 = v + 7 + 2. Let m(i) = -i**3 - 8*i**2 + i - 9. Let s be m(v). Calculate the highest common factor of 9 and s.
9
Let q be 1/(-5) - (-276)/5. Suppose -h + t = -6*h + 75, -q = -5*h + 3*t. Let w be (7/14 - (-2)/(-4)) + 2. Calculate the highest common factor of w and h.
2
Let o be (106/(-6) - -1)/(204/(-2448)). Calculate the greatest common factor of o and 280.
40
Let m(i) = -i**3 - 6*i**2 + 3*i + 10. Let t be m(-7). Let a be t/19 - -1*88. Let x(g) = g**2. Let r be x(-6). Calculate the greatest common divisor of r and a.
18
Suppose -98*n + 153*n - 5940 = 0. What is the highest common divisor of n and 2700?
108
Suppose -3*r - 551 = -z, 4*z - 85*r - 2204 = -87*r. What is the highest common factor of 19 and z?
19
Let d(q) = 7*q + 173. Let x be d(-23). Let p be -1*(0 - (-9)/(-3)). Calculate the greatest common divisor of x and p.
3
Let q = -26 + 111. Suppose -b + 0*b - 3*g = -17, 0 = -5*b + 4*g + q. What is the greatest common factor of 85 and b?
17
Let w be 246/4 - 36/24. Let o = -36 + w. What is the greatest common divisor of o and 8?
8
Let u(m) = m**3 - 6*m**2 - 11*m - 13. Let g be u(8). Let c = -12 + g. Suppose 0*b + 12 = 5*b - w, 3*w = 3*b. Calculate the greatest common factor of c and b.
3
Suppose 4*q - 12 = -2*s, 2*s = 4*s - 4. Let n be 350/8 - q/(-8). Let y(t) = t**2 + 4*t + 7. Let l be y(-3). Calculate the greatest common divisor of l and n.
4
Let v = 107 - 93. Suppose 3*c - 41 = -i, -2*c + 9 = -2*i + 75. What is the highest common divisor of i and v?
7
Let n(r) = r**2 + 4*r - 5. Let u be n(-6). Let z = -2263 + 2326. What is the highest common factor of u and z?
7
Let o be (3/(-2))/(14/(-560)). Suppose 4*w = 3*c - c - 24, 0 = -5*c - 5*w + o. What is the highest common factor of c and 3?
3
Let l be (-432)/(-45) - 4/(-10). Let d(x) = -x**3 + 8*x**2 + 10*x - 4. Let z be d(9). Calculate the greatest common factor of l and z.
5
Suppose 12*i - 12896 - 6760 = 0. What is the greatest common divisor of i and 9?
9
Let n(p) = -p**2 - 5*p + 4. Let u be n(-6). Suppose 3*i - 39 + 6 = 0. Let t be u/i - 246/(-22). Calculate the greatest common factor of 11 and t.
11
Suppose -1 - 23 = 5*z - k, 3*z + k + 8 = 0